-2 - -2)) + -2. Let i = 1 - 1. Suppose -5*u = l + 2*l - 68, u + 5*l - 18 = i. Calculate the highest common factor of k and u.
1
Suppose -9 = 3*q - 0*q. Let g be (q - (18 + -2))*-1. Let w be 1/2*(229 + -115). What is the greatest common factor of g and w?
19
Suppose -4*d = -2*k - 98, d - 11 = -k + 9. Let n = 31 - 26. Suppose -z - 4*c + 50 = 0, 5*z + n*c - 233 = 2. What is the greatest common divisor of d and z?
23
Let u(q) = -q**3 + 37*q**2 - 30*q - 198. Let l be 1/(-2) + (-2)/4*-73. Let s be u(l). What is the highest common factor of s and 486?
18
Let p = 13 - 47. Let b be 20/(-1) + (0 - 2). Let v = b - p. What is the greatest common divisor of 24 and v?
12
Let q = -11253 + 11293. Calculate the highest common divisor of q and 1490.
10
Let v(m) = -m**3 + 8*m**2 - 3*m + 24. Let b be v(8). Suppose -p - 3*p + 297 = z, 2*z - 2 = b. Calculate the highest common divisor of 37 and p.
37
Let s be (-10)/(-4)*((-84)/35)/(-3). Suppose 0 = -s*w - 3*m + 50, 38 - 147 = -3*w + 4*m. What is the highest common divisor of w and 279?
31
Let n = 1934 + -1769. Calculate the greatest common divisor of n and 240.
15
Let k = -1374 + 1396. Suppose -5*f + 43 = 3*y, -f - 1 = y - 14. What is the greatest common factor of k and y?
11
Suppose 955*o = 952*o + 432. Let h = 7 + -7. Let m be 1 - -30 - (-1 - h). Calculate the highest common factor of m and o.
16
Let b = -193 + 197. Suppose -4*q - b*c = -143 - 489, -4*q + 2*c + 650 = 0. Let p be 134/6 - (-4)/6. What is the highest common divisor of p and q?
23
Suppose 4*x + 2 = 18. Suppose q - 2*q - x*w = -6, 5*w - 9 = -2*q. Let k = -75 - -93. What is the highest common divisor of q and k?
2
Let q be 2*1/(-6) + (-100)/6. Let o = 17 + q. Suppose -2*h + 5*h - 297 = o. What is the greatest common divisor of h and 9?
9
Suppose 10*w = 5*w + 280. Suppose 0 = 80*f - 76*f + 152. Let m = -31 - f. Calculate the greatest common factor of w and m.
7
Let h = -11326 - -11518. What is the greatest common divisor of h and 14016?
192
Let y = -4421 - -4449. Calculate the highest common factor of 1694 and y.
14
Suppose -121426 + 121206 = -11*v. Calculate the greatest common factor of v and 2665.
5
Let p = 544 + -93. Suppose 5*a - p = 4. Suppose -69 = l - a. What is the greatest common divisor of 198 and l?
22
Let d(z) = -578*z - 18. Let r be d(-4). Suppose -25*k - r + 13319 = 0. Calculate the greatest common divisor of 49 and k.
49
Suppose 38*s - 20440 = 3*s. What is the highest common factor of 72 and s?
8
Let s be (0 - 21/(-2))*(-48)/(-28). Calculate the greatest common divisor of 2691 and s.
9
Suppose -4*t = s - 23, 0 = s - 0*s - 3. Suppose t*d + 89 = -16. Let w = d - -38. What is the greatest common divisor of w and 34?
17
Let v(j) = -8*j + 18*j**2 - j**3 - 9*j + 0*j - 17 - j + 71. Let a be v(12). Calculate the greatest common factor of 54 and a.
54
Let s be 1/(1*4/16). Suppose -o + 17 = -s. Suppose 0 = -t + 5*d + 24, -4*t + 5*d + 209 = 38. Calculate the highest common factor of o and t.
7
Let j be (73 - 1) + (21 - 38 - -11). What is the greatest common factor of 3630 and j?
66
Suppose -l = -4*i - 229, 6*l = 2*i + 2*l + 118. Let u = 213 - i. Calculate the highest common factor of 240 and u.
30
Suppose v + 2*v = -153. Let a(n) = 33*n - 346. Let w be a(10). Let l = w - v. What is the highest common factor of l and 14?
7
Suppose -732 = -30*c - 432. Let t = 635 - 225. What is the greatest common factor of t and c?
10
Let z(u) = -u**3 - 5*u**2 - u + 7. Let t be z(-5). Let j = t + 19. Calculate the greatest common divisor of j and 62.
31
Suppose 0 = 9*s - 12*s. Suppose s = 7*h + 32 + 17. Let r(c) = c**2 + 6*c - 3. Let q be r(h). Calculate the highest common divisor of q and 32.
4
Let p = -19 - -33. Let x = -53 + 56. Suppose v + 419 = 5*s, 2*s - 103 - 62 = x*v. Calculate the greatest common factor of p and s.
14
Let v be (-3)/(-4) + (-18)/(-8). Suppose 0 = v*o - 88 - 116. What is the highest common divisor of 8 and o?
4
Let h(g) = 431*g - 6435. Let w be h(15). What is the highest common factor of w and 2680?
10
Let k(y) = 2*y**2 - 156*y + 2250. Let n be k(68). What is the greatest common divisor of n and 11926?
178
Suppose 9*g - 324 = 207. Suppose g*l = 47*l + 1056. Calculate the greatest common factor of l and 396.
44
Let a be ((-23)/4)/(34/(-2448)). What is the highest common divisor of 108 and a?
18
Let k(b) = b**2 - 13*b + 5. Let w be k(10). Let i = 47 + w. What is the highest common factor of 143 and i?
11
Let h be ((-8)/3)/(32/(-28416)). Suppose -37*z + 0*z = -h. What is the highest common divisor of 72 and z?
8
Let t be -63*((3 - -33)/12 - (-56)/(-6)). What is the highest common divisor of 1862 and t?
133
Let m be ((-77)/(-1))/1 - (-266 + 256). What is the highest common factor of m and 96?
3
Suppose 12*b - 17*b + 455 = 0. Let q = b - 101. Let w be q/(-3)*(12 - 9). What is the highest common factor of w and 5?
5
Suppose 4665 = 3*h - 3*y, 347 = -2*h + 4*y + 3465. What is the greatest common factor of 627 and h?
33
Let y = 311 - 326. Let j be (2125/15 - 2) + (-5)/y. What is the greatest common divisor of 60 and j?
20
Suppose v - 3*o = -83 + 152, -4*v - 5*o + 191 = 0. What is the highest common factor of 27 and v?
27
Suppose 2*v - 795 = -601*x + 606*x, 0 = 5*v - 4*x - 1945. Calculate the highest common divisor of v and 792.
11
Let j be (-1 - 2 - -2) + 166/2. Calculate the greatest common divisor of j and 22.
2
Suppose -5*i = -225*z + 230*z - 475, -2*i - z + 185 = 0. Calculate the highest common factor of i and 610.
10
Let a = 1319 - 967. Suppose i + 2*t - 52 = 0, 0 = 2*i - 2*t - 105 + 25. What is the highest common factor of i and a?
44
Let z be (26/4 - 1)*2. Suppose -78 = -6*w - 60. Let i be w + -7 + 1 - -58. What is the highest common divisor of z and i?
11
Suppose 141 + 29 = 10*f. Suppose -5*g - 5*w + 495 = 0, 15*g - f*g - w = -199. Calculate the highest common divisor of 125 and g.
25
Let u be (7/3 - 4)/((-345)/21114). Suppose -4*f - 4*v + 4 = 0, -31 = -2*f + f + 5*v. What is the greatest common factor of f and u?
6
Let y be (12/(-5))/((-9)/315). Let u(v) = -v - 1. Let x be u(-4). Suppose 4*d = 2*z - 48, 3*d = -z - x + 27. Calculate the greatest common divisor of z and y.
12
Let i be 10/40 + 22/8. Suppose i*n - 5*p + 2*p = 123, -4*p + 4 = 0. Suppose -2*q - n = -5*q. What is the highest common factor of q and 140?
14
Let j = -92 - 352. Let z = -156 - j. What is the highest common factor of z and 9?
9
Let x = -5922 - -8677. Calculate the greatest common divisor of 203 and x.
29
Let x be (6/(-9))/(0 + (-1)/3). Suppose -4*h - x*l + 20 + 20 = 0, -h = 3*l - 20. Calculate the greatest common factor of h and 64.
8
Let f = 54 - -54. Suppose 50*t = 55*t + 1555. Let i = -287 - t. What is the greatest common divisor of i and f?
12
Let g = 153642 - 153607. Suppose -52 - 208 = -4*z. What is the highest common divisor of z and g?
5
Let m(b) = -b - 3. Let d(r) = -28*r + 35. Let c(o) = -d(o) + m(o). Let g be c(2). Let i be (-120)/(-9)*(5 - -1). What is the highest common factor of g and i?
16
Suppose -3*n + 95 = 16*n. Suppose -n*j = -3*j + 112. Let t = 216 + j. What is the greatest common divisor of t and 40?
40
Let t(y) = -y**3 - 4*y**2 + 13*y. Let p be t(-6). Let g be (-2)/p + (-220)/(-6). Let o = g + -29. What is the highest common divisor of 88 and o?
8
Let k(s) = -s**2 - 5*s - 5. Let v be k(-4). Let y be ((-19)/57)/(40/(-42) - -1). Let o be (v - -4)/1 - y. What is the greatest common factor of 2 and o?
2
Let v(y) = 574*y**2 + 33*y + 190. Let c be v(-5). Calculate the highest common factor of c and 115.
115
Suppose 10*o - 407 = 11*o - 12*o. Calculate the greatest common divisor of o and 2701.
37
Suppose 100 = 2*z - 392. Let i = z - 146. Let d = -44 - -64. What is the highest common divisor of i and d?
20
Let q = -46 + 127. Suppose 0 = -5*a - q - 29. Let h = a + 37. What is the greatest common factor of h and 10?
5
Let s(c) = 2163*c - 6 - 2*c**2 - 4327*c + 2166*c + c**3. Let b = -2 - -5. Let j be s(b). What is the greatest common factor of j and 9?
9
Suppose 44*d - 59*d = -3690. Suppose 262*w - d*w = 1904. What is the greatest common factor of w and 85?
17
Let s(v) = -147*v - 435. Let n be s(-4). Calculate the greatest common divisor of 493 and n.
17
Let a be (-34)/(-8) + ((-5)/(-4))/(-5). Let t be 538/a - (-10)/20. What is the greatest common divisor 